{"id":1527,"date":"2021-05-19T15:08:49","date_gmt":"2021-05-19T13:08:49","guid":{"rendered":"https:\/\/rapportannuel.fddm.ch\/le-mot-de-la-presidente\/"},"modified":"2024-07-03T10:00:15","modified_gmt":"2024-07-03T08:00:15","slug":"das-wort-der-praesidentin","status":"publish","type":"page","link":"https:\/\/rapportannuel.fddm.ch\/de\/das-wort-der-praesidentin\/","title":{"rendered":"\u00abUnser Arbeit ist unerl\u00e4sslich f\u00fcr die Glaubw\u00fcrdigkeit \u00f6ffentlicher Massnahmen\u00bb"},"content":{"rendered":"","protected":false},"excerpt":{"rendered":"","protected":false},"author":1,"featured_media":0,"parent":0,"menu_order":0,"comment_status":"closed","ping_status":"closed","template":"","meta":{"_acf_changed":false,"inline_featured_image":false},"class_list":["post-1527","page","type-page","status-publish","hentry"],"acf":[],"_links":{"self":[{"href":"https:\/\/rapportannuel.fddm.ch\/de\/wp-json\/wp\/v2\/pages\/1527","targetHints":{"allow":["GET"]}}],"collection":[{"href":"https:\/\/rapportannuel.fddm.ch\/de\/wp-json\/wp\/v2\/pages"}],"about":[{"href":"https:\/\/rapportannuel.fddm.ch\/de\/wp-json\/wp\/v2\/types\/page"}],"author":[{"embeddable":true,"href":"https:\/\/rapportannuel.fddm.ch\/de\/wp-json\/wp\/v2\/users\/1"}],"replies":[{"embeddable":true,"href":"https:\/\/rapportannuel.fddm.ch\/de\/wp-json\/wp\/v2\/comments?post=1527"}],"version-history":[{"count":9,"href":"https:\/\/rapportannuel.fddm.ch\/de\/wp-json\/wp\/v2\/pages\/1527\/revisions"}],"predecessor-version":[{"id":1603,"href":"https:\/\/rapportannuel.fddm.ch\/de\/wp-json\/wp\/v2\/pages\/1527\/revisions\/1603"}],"wp:attachment":[{"href":"https:\/\/rapportannuel.fddm.ch\/de\/wp-json\/wp\/v2\/media?parent=1527"}],"curies":[{"name":"wp","href":"https:\/\/api.w.org\/{rel}","templated":true}]}}

«Unser Arbeit ist unerlässlich für die Glaubwürdigkeit öffentlicher Massnahmen»
